{"id":1007,"date":"2025-12-26T04:23:09","date_gmt":"2025-12-26T04:23:09","guid":{"rendered":"https:\/\/ixtaimpresiones.com\/?post_type=product&#038;p=1007"},"modified":"2025-12-29T15:04:53","modified_gmt":"2025-12-29T15:04:53","slug":"letreros-mdf-eventos-sociales-nombre-decoracion","status":"publish","type":"product","link":"https:\/\/ixtaimpresiones.com\/?product=letreros-mdf-eventos-sociales-nombre-decoracion","title":{"rendered":"Letreros MDF &#8211; Eventos sociales, nombre, decoraci\u00f3n"},"content":{"rendered":"<p data-start=\"101\" data-end=\"305\">Destaca tu evento con <strong data-start=\"123\" data-end=\"161\">letreros de MDF cortados con l\u00e1ser<\/strong>, ideales para bodas, XV a\u00f1os, bautizos y eventos tem\u00e1ticos. Un detalle elegante y personalizable que funciona perfecto como decoraci\u00f3n o fondo.<\/p>\n<p data-start=\"307\" data-end=\"487\">Nuestros letreros se realizan en MDF mediante corte l\u00e1ser de alta precisi\u00f3n. Pueden llevar fecha, silueta, nombre del evento o nombre de la persona, seg\u00fan la tem\u00e1tica que necesites.<\/p>\n<p data-start=\"671\" data-end=\"763\"><strong data-start=\"671\" data-end=\"691\">Medida est\u00e1ndar:<\/strong> 30 cm.<br data-start=\"698\" data-end=\"701\" \/>Medidas mayores se realizan por partes (no es corte continuo).<\/p>\n<p data-start=\"765\" data-end=\"985\"><strong data-start=\"765\" data-end=\"795\">Restricciones importantes:<\/strong><br data-start=\"795\" data-end=\"798\" \/>\u2013 No realizamos letreros en 3D.<br data-start=\"829\" data-end=\"832\" \/>\u2013 No se entregan letreros pintados ni a color.<br data-start=\"878\" data-end=\"881\" \/>\u2013 No realizamos montaje sobre empaques o im\u00e1genes.<br data-start=\"931\" data-end=\"934\" \/>\u2013 Se entrega \u00fanicamente el MDF cortado del letrero.<\/p>\n<p data-start=\"987\" data-end=\"1066\"><strong data-start=\"987\" data-end=\"997\">Costo:<\/strong><br data-start=\"997\" data-end=\"1000\" \/>Desde $4o MXN.<br data-start=\"1014\" data-end=\"1017\" \/>Precio sujeto a cotizaci\u00f3n seg\u00fan dise\u00f1o y tama\u00f1o.<\/p>\n","protected":false},"excerpt":{"rendered":"<p data-start=\"101\" data-end=\"305\">Destaca tu evento con <strong data-start=\"123\" data-end=\"161\">letreros de MDF cortados con l\u00e1ser<\/strong>, ideales para bodas, XV a\u00f1os, bautizos y eventos tem\u00e1ticos. Un detalle elegante y personalizable que funciona perfecto como decoraci\u00f3n o fondo.<\/p>\n<p data-start=\"307\" data-end=\"487\">Nuestros letreros se realizan en MDF mediante corte l\u00e1ser de alta precisi\u00f3n. Pueden llevar fecha, silueta, nombre del evento o nombre de la persona, seg\u00fan la tem\u00e1tica que necesites.<\/p>\n<p data-start=\"671\" data-end=\"763\"><strong data-start=\"671\" data-end=\"691\">Medida est\u00e1ndar:<\/strong> 30 cm.<br data-start=\"698\" data-end=\"701\" \/>Medidas mayores se realizan por partes (no es corte continuo).<\/p>\n<p data-start=\"765\" data-end=\"985\"><strong data-start=\"765\" data-end=\"795\">Restricciones importantes:<\/strong><br data-start=\"795\" data-end=\"798\" \/>\u2013 No realizamos letreros en 3D.<br data-start=\"829\" data-end=\"832\" \/>\u2013 No se entregan letreros pintados ni a color.<br data-start=\"878\" data-end=\"881\" \/>\u2013 No realizamos montaje sobre empaques o im\u00e1genes.<br data-start=\"931\" data-end=\"934\" \/>\u2013 Se entrega \u00fanicamente el MDF cortado del letrero.<\/p>\n<p data-start=\"987\" data-end=\"1066\"><strong data-start=\"987\" data-end=\"997\">Costo:<\/strong><br data-start=\"997\" data-end=\"1000\" \/>Desde $4o MXN.<br data-start=\"1014\" data-end=\"1017\" \/>Precio sujeto a cotizaci\u00f3n seg\u00fan dise\u00f1o y tama\u00f1o.<\/p>\n<p><a style=\"background: #25D366; color: #fff; padding: 12px 20px; border-radius: 6px; text-decoration: none;\" href=\"https:\/\/wa.me\/524493620594?text=Hola%2C%20me%20interesa%20comprar%20un%20art%C3%ADculo.\">Comprar por WhatsApp<br \/>\n<\/a><\/p>\n","protected":false},"featured_media":1008,"comment_status":"open","ping_status":"closed","template":"","meta":[],"product_brand":[],"product_cat":[30],"product_tag":[40,39],"class_list":{"0":"post-1007","1":"product","2":"type-product","3":"status-publish","4":"has-post-thumbnail","6":"product_cat-mdf","7":"product_tag-para-cumpleanos","8":"product_tag-para-tus-eventos","10":"first","11":"instock","12":"shipping-taxable","13":"purchasable","14":"product-type-simple"},"yoast_head":"<!-- This site is optimized with the Yoast SEO plugin v25.4 - https:\/\/yoast.com\/wordpress\/plugins\/seo\/ -->\n<title>Letreros MDF - Eventos sociales, nombre, decoraci\u00f3n - Ixta Impresiones<\/title>\n<meta name=\"robots\" content=\"index, follow, max-snippet:-1, max-image-preview:large, max-video-preview:-1\" \/>\n<link rel=\"canonical\" href=\"https:\/\/ixtaimpresiones.com\/?product=letreros-mdf-eventos-sociales-nombre-decoracion\" \/>\n<meta property=\"og:locale\" content=\"es_ES\" \/>\n<meta property=\"og:type\" content=\"article\" \/>\n<meta property=\"og:title\" content=\"Letreros MDF - Eventos sociales, nombre, decoraci\u00f3n - Ixta Impresiones\" \/>\n<meta property=\"og:description\" content=\"Destaca tu evento con letreros de MDF cortados con l\u00e1ser, ideales para bodas, XV a\u00f1os, bautizos y eventos tem\u00e1ticos. Un detalle elegante y personalizable que funciona perfecto como decoraci\u00f3n o fondo. Nuestros letreros se realizan en MDF mediante corte l\u00e1ser de alta precisi\u00f3n. Pueden llevar fecha, silueta, nombre del evento o nombre de la persona, seg\u00fan la tem\u00e1tica que necesites. Medida est\u00e1ndar: 30 cm.Medidas mayores se realizan por partes (no es corte continuo). Restricciones importantes:\u2013 No realizamos letreros en 3D.\u2013 No se entregan letreros pintados ni a color.\u2013 No realizamos montaje sobre empaques o im\u00e1genes.\u2013 Se entrega \u00fanicamente el MDF cortado del letrero. Costo:Desde $4o MXN.Precio sujeto a cotizaci\u00f3n seg\u00fan dise\u00f1o y tama\u00f1o. Comprar por WhatsApp\" \/>\n<meta property=\"og:url\" content=\"https:\/\/ixtaimpresiones.com\/?product=letreros-mdf-eventos-sociales-nombre-decoracion\" \/>\n<meta property=\"og:site_name\" content=\"Ixta Impresiones\" \/>\n<meta property=\"article:modified_time\" content=\"2025-12-29T15:04:53+00:00\" \/>\n<meta property=\"og:image\" content=\"https:\/\/ixtaimpresiones.com\/wp-content\/uploads\/2025\/12\/bautizo.png\" \/>\n\t<meta property=\"og:image:width\" content=\"600\" \/>\n\t<meta property=\"og:image:height\" content=\"600\" \/>\n\t<meta property=\"og:image:type\" content=\"image\/png\" \/>\n<meta name=\"twitter:card\" content=\"summary_large_image\" \/>\n<meta name=\"twitter:label1\" content=\"Tiempo de lectura\" \/>\n\t<meta name=\"twitter:data1\" content=\"1 minuto\" \/>\n<script type=\"application\/ld+json\" class=\"yoast-schema-graph\">{\"@context\":\"https:\/\/schema.org\",\"@graph\":[{\"@type\":\"WebPage\",\"@id\":\"https:\/\/ixtaimpresiones.com\/?product=letreros-mdf-eventos-sociales-nombre-decoracion\",\"url\":\"https:\/\/ixtaimpresiones.com\/?product=letreros-mdf-eventos-sociales-nombre-decoracion\",\"name\":\"Letreros MDF - Eventos sociales, nombre, decoraci\u00f3n - Ixta Impresiones\",\"isPartOf\":{\"@id\":\"https:\/\/ixtaimpresiones.com\/#website\"},\"primaryImageOfPage\":{\"@id\":\"https:\/\/ixtaimpresiones.com\/?product=letreros-mdf-eventos-sociales-nombre-decoracion#primaryimage\"},\"image\":{\"@id\":\"https:\/\/ixtaimpresiones.com\/?product=letreros-mdf-eventos-sociales-nombre-decoracion#primaryimage\"},\"thumbnailUrl\":\"https:\/\/ixtaimpresiones.com\/wp-content\/uploads\/2025\/12\/bautizo.png\",\"datePublished\":\"2025-12-26T04:23:09+00:00\",\"dateModified\":\"2025-12-29T15:04:53+00:00\",\"breadcrumb\":{\"@id\":\"https:\/\/ixtaimpresiones.com\/?product=letreros-mdf-eventos-sociales-nombre-decoracion#breadcrumb\"},\"inLanguage\":\"es\",\"potentialAction\":[{\"@type\":\"ReadAction\",\"target\":[\"https:\/\/ixtaimpresiones.com\/?product=letreros-mdf-eventos-sociales-nombre-decoracion\"]}]},{\"@type\":\"ImageObject\",\"inLanguage\":\"es\",\"@id\":\"https:\/\/ixtaimpresiones.com\/?product=letreros-mdf-eventos-sociales-nombre-decoracion#primaryimage\",\"url\":\"https:\/\/ixtaimpresiones.com\/wp-content\/uploads\/2025\/12\/bautizo.png\",\"contentUrl\":\"https:\/\/ixtaimpresiones.com\/wp-content\/uploads\/2025\/12\/bautizo.png\",\"width\":600,\"height\":600},{\"@type\":\"BreadcrumbList\",\"@id\":\"https:\/\/ixtaimpresiones.com\/?product=letreros-mdf-eventos-sociales-nombre-decoracion#breadcrumb\",\"itemListElement\":[{\"@type\":\"ListItem\",\"position\":1,\"name\":\"Portada\",\"item\":\"https:\/\/ixtaimpresiones.com\/\"},{\"@type\":\"ListItem\",\"position\":2,\"name\":\"Productos\",\"item\":\"https:\/\/ixtaimpresiones.com\/?page_id=572\"},{\"@type\":\"ListItem\",\"position\":3,\"name\":\"Letreros MDF &#8211; Eventos sociales, nombre, decoraci\u00f3n\"}]},{\"@type\":\"WebSite\",\"@id\":\"https:\/\/ixtaimpresiones.com\/#website\",\"url\":\"https:\/\/ixtaimpresiones.com\/\",\"name\":\"Ixta Impresiones\",\"description\":\"\",\"publisher\":{\"@id\":\"https:\/\/ixtaimpresiones.com\/#organization\"},\"potentialAction\":[{\"@type\":\"SearchAction\",\"target\":{\"@type\":\"EntryPoint\",\"urlTemplate\":\"https:\/\/ixtaimpresiones.com\/?s={search_term_string}\"},\"query-input\":{\"@type\":\"PropertyValueSpecification\",\"valueRequired\":true,\"valueName\":\"search_term_string\"}}],\"inLanguage\":\"es\"},{\"@type\":\"Organization\",\"@id\":\"https:\/\/ixtaimpresiones.com\/#organization\",\"name\":\"Ixta Impresiones\",\"url\":\"https:\/\/ixtaimpresiones.com\/\",\"logo\":{\"@type\":\"ImageObject\",\"inLanguage\":\"es\",\"@id\":\"https:\/\/ixtaimpresiones.com\/#\/schema\/logo\/image\/\",\"url\":\"https:\/\/ixtaimpresiones.com\/wp-content\/uploads\/2025\/08\/LOGO-copyright.png\",\"contentUrl\":\"https:\/\/ixtaimpresiones.com\/wp-content\/uploads\/2025\/08\/LOGO-copyright.png\",\"width\":900,\"height\":900,\"caption\":\"Ixta Impresiones\"},\"image\":{\"@id\":\"https:\/\/ixtaimpresiones.com\/#\/schema\/logo\/image\/\"}}]}<\/script>\n<!-- \/ Yoast SEO plugin. -->","yoast_head_json":{"title":"Letreros MDF - Eventos sociales, nombre, decoraci\u00f3n - Ixta Impresiones","robots":{"index":"index","follow":"follow","max-snippet":"max-snippet:-1","max-image-preview":"max-image-preview:large","max-video-preview":"max-video-preview:-1"},"canonical":"https:\/\/ixtaimpresiones.com\/?product=letreros-mdf-eventos-sociales-nombre-decoracion","og_locale":"es_ES","og_type":"article","og_title":"Letreros MDF - Eventos sociales, nombre, decoraci\u00f3n - Ixta Impresiones","og_description":"Destaca tu evento con letreros de MDF cortados con l\u00e1ser, ideales para bodas, XV a\u00f1os, bautizos y eventos tem\u00e1ticos. Un detalle elegante y personalizable que funciona perfecto como decoraci\u00f3n o fondo. Nuestros letreros se realizan en MDF mediante corte l\u00e1ser de alta precisi\u00f3n. Pueden llevar fecha, silueta, nombre del evento o nombre de la persona, seg\u00fan la tem\u00e1tica que necesites. Medida est\u00e1ndar: 30 cm.Medidas mayores se realizan por partes (no es corte continuo). Restricciones importantes:\u2013 No realizamos letreros en 3D.\u2013 No se entregan letreros pintados ni a color.\u2013 No realizamos montaje sobre empaques o im\u00e1genes.\u2013 Se entrega \u00fanicamente el MDF cortado del letrero. Costo:Desde $4o MXN.Precio sujeto a cotizaci\u00f3n seg\u00fan dise\u00f1o y tama\u00f1o. Comprar por WhatsApp","og_url":"https:\/\/ixtaimpresiones.com\/?product=letreros-mdf-eventos-sociales-nombre-decoracion","og_site_name":"Ixta Impresiones","article_modified_time":"2025-12-29T15:04:53+00:00","og_image":[{"width":600,"height":600,"url":"https:\/\/ixtaimpresiones.com\/wp-content\/uploads\/2025\/12\/bautizo.png","type":"image\/png"}],"twitter_card":"summary_large_image","twitter_misc":{"Tiempo de lectura":"1 minuto"},"schema":{"@context":"https:\/\/schema.org","@graph":[{"@type":"WebPage","@id":"https:\/\/ixtaimpresiones.com\/?product=letreros-mdf-eventos-sociales-nombre-decoracion","url":"https:\/\/ixtaimpresiones.com\/?product=letreros-mdf-eventos-sociales-nombre-decoracion","name":"Letreros MDF - Eventos sociales, nombre, decoraci\u00f3n - Ixta Impresiones","isPartOf":{"@id":"https:\/\/ixtaimpresiones.com\/#website"},"primaryImageOfPage":{"@id":"https:\/\/ixtaimpresiones.com\/?product=letreros-mdf-eventos-sociales-nombre-decoracion#primaryimage"},"image":{"@id":"https:\/\/ixtaimpresiones.com\/?product=letreros-mdf-eventos-sociales-nombre-decoracion#primaryimage"},"thumbnailUrl":"https:\/\/ixtaimpresiones.com\/wp-content\/uploads\/2025\/12\/bautizo.png","datePublished":"2025-12-26T04:23:09+00:00","dateModified":"2025-12-29T15:04:53+00:00","breadcrumb":{"@id":"https:\/\/ixtaimpresiones.com\/?product=letreros-mdf-eventos-sociales-nombre-decoracion#breadcrumb"},"inLanguage":"es","potentialAction":[{"@type":"ReadAction","target":["https:\/\/ixtaimpresiones.com\/?product=letreros-mdf-eventos-sociales-nombre-decoracion"]}]},{"@type":"ImageObject","inLanguage":"es","@id":"https:\/\/ixtaimpresiones.com\/?product=letreros-mdf-eventos-sociales-nombre-decoracion#primaryimage","url":"https:\/\/ixtaimpresiones.com\/wp-content\/uploads\/2025\/12\/bautizo.png","contentUrl":"https:\/\/ixtaimpresiones.com\/wp-content\/uploads\/2025\/12\/bautizo.png","width":600,"height":600},{"@type":"BreadcrumbList","@id":"https:\/\/ixtaimpresiones.com\/?product=letreros-mdf-eventos-sociales-nombre-decoracion#breadcrumb","itemListElement":[{"@type":"ListItem","position":1,"name":"Portada","item":"https:\/\/ixtaimpresiones.com\/"},{"@type":"ListItem","position":2,"name":"Productos","item":"https:\/\/ixtaimpresiones.com\/?page_id=572"},{"@type":"ListItem","position":3,"name":"Letreros MDF &#8211; Eventos sociales, nombre, decoraci\u00f3n"}]},{"@type":"WebSite","@id":"https:\/\/ixtaimpresiones.com\/#website","url":"https:\/\/ixtaimpresiones.com\/","name":"Ixta Impresiones","description":"","publisher":{"@id":"https:\/\/ixtaimpresiones.com\/#organization"},"potentialAction":[{"@type":"SearchAction","target":{"@type":"EntryPoint","urlTemplate":"https:\/\/ixtaimpresiones.com\/?s={search_term_string}"},"query-input":{"@type":"PropertyValueSpecification","valueRequired":true,"valueName":"search_term_string"}}],"inLanguage":"es"},{"@type":"Organization","@id":"https:\/\/ixtaimpresiones.com\/#organization","name":"Ixta Impresiones","url":"https:\/\/ixtaimpresiones.com\/","logo":{"@type":"ImageObject","inLanguage":"es","@id":"https:\/\/ixtaimpresiones.com\/#\/schema\/logo\/image\/","url":"https:\/\/ixtaimpresiones.com\/wp-content\/uploads\/2025\/08\/LOGO-copyright.png","contentUrl":"https:\/\/ixtaimpresiones.com\/wp-content\/uploads\/2025\/08\/LOGO-copyright.png","width":900,"height":900,"caption":"Ixta Impresiones"},"image":{"@id":"https:\/\/ixtaimpresiones.com\/#\/schema\/logo\/image\/"}}]}},"_links":{"self":[{"href":"https:\/\/ixtaimpresiones.com\/index.php?rest_route=\/wp\/v2\/product\/1007","targetHints":{"allow":["GET"]}}],"collection":[{"href":"https:\/\/ixtaimpresiones.com\/index.php?rest_route=\/wp\/v2\/product"}],"about":[{"href":"https:\/\/ixtaimpresiones.com\/index.php?rest_route=\/wp\/v2\/types\/product"}],"replies":[{"embeddable":true,"href":"https:\/\/ixtaimpresiones.com\/index.php?rest_route=%2Fwp%2Fv2%2Fcomments&post=1007"}],"wp:featuredmedia":[{"embeddable":true,"href":"https:\/\/ixtaimpresiones.com\/index.php?rest_route=\/wp\/v2\/media\/1008"}],"wp:attachment":[{"href":"https:\/\/ixtaimpresiones.com\/index.php?rest_route=%2Fwp%2Fv2%2Fmedia&parent=1007"}],"wp:term":[{"taxonomy":"product_brand","embeddable":true,"href":"https:\/\/ixtaimpresiones.com\/index.php?rest_route=%2Fwp%2Fv2%2Fproduct_brand&post=1007"},{"taxonomy":"product_cat","embeddable":true,"href":"https:\/\/ixtaimpresiones.com\/index.php?rest_route=%2Fwp%2Fv2%2Fproduct_cat&post=1007"},{"taxonomy":"product_tag","embeddable":true,"href":"https:\/\/ixtaimpresiones.com\/index.php?rest_route=%2Fwp%2Fv2%2Fproduct_tag&post=1007"}],"curies":[{"name":"wp","href":"https:\/\/api.w.org\/{rel}","templated":true}]}}