{"id":1117,"date":"2025-12-30T21:27:14","date_gmt":"2025-12-30T21:27:14","guid":{"rendered":"https:\/\/ixtaimpresiones.com\/?post_type=product&#038;p=1117"},"modified":"2025-12-30T21:27:14","modified_gmt":"2025-12-30T21:27:14","slug":"duo-de-copas-acero-inoxidable-personalizado","status":"publish","type":"product","link":"https:\/\/ixtaimpresiones.com\/?product=duo-de-copas-acero-inoxidable-personalizado","title":{"rendered":"D\u00fao de Copas acero inoxidable &#8211; Personalizado"},"content":{"rendered":"","protected":false},"excerpt":{"rendered":"<p data-start=\"64\" data-end=\"308\">Celebra momentos especiales con nuestro <strong data-start=\"104\" data-end=\"134\">D\u00fao de Copas Personalizado<\/strong>, un regalo elegante y significativo para parejas o apadrinamientos. Ideales para madrina y padrino, aniversarios de boda, novia y novio o como detalle especial para parejas.<\/p>\n<p data-start=\"310\" data-end=\"545\">Las copas est\u00e1n fabricadas en <strong data-start=\"340\" data-end=\"360\">acero inoxidable<\/strong> y se personalizan con <strong data-start=\"383\" data-end=\"400\">grabado l\u00e1ser<\/strong>, logrando un acabado fino, permanente y duradero. Disponibles en colores rosa, blanco y negro, combinan perfecto con cualquier ocasi\u00f3n especial.<\/p>\n<p data-start=\"630\" data-end=\"660\"><strong data-start=\"630\" data-end=\"644\">Capacidad:<\/strong> 18 oz (150 ml).<\/p>\n<p data-start=\"662\" data-end=\"720\"><strong data-start=\"662\" data-end=\"674\">Medidas:<\/strong><br data-start=\"674\" data-end=\"677\" \/>Altura: 50 cm<br data-start=\"690\" data-end=\"693\" \/>Di\u00e1metro de la boca: 9.5 cm<\/p>\n<p data-start=\"722\" data-end=\"812\"><strong data-start=\"722\" data-end=\"742\">Personalizaci\u00f3n:<\/strong><br data-start=\"742\" data-end=\"745\" \/>Grabado l\u00e1ser permanente.<br data-start=\"770\" data-end=\"773\" \/>Nombres, texto simple o \u00edcono sencillo.<\/p>\n<p data-start=\"814\" data-end=\"871\"><strong data-start=\"814\" data-end=\"822\">Uso:<\/strong><br data-start=\"822\" data-end=\"825\" \/>Copas para vino, c\u00f3cteles o bebidas similares.<\/p>\n<p data-start=\"873\" data-end=\"986\"><strong data-start=\"873\" data-end=\"890\">Aplicaciones:<\/strong><br data-start=\"890\" data-end=\"893\" \/>Regalo para apadrinamiento (madrina y padrino), aniversarios de boda, parejas, novia y novio.<\/p>\n<p><a style=\"background: #25D366; color: #fff; padding: 12px 20px; border-radius: 6px; text-decoration: none;\" href=\"https:\/\/wa.me\/524493620594?text=Hola%2C%20me%20interesa%20comprar%20un%20art%C3%ADculo.\">Comprar por WhatsApp<br \/>\n<\/a><\/p>\n","protected":false},"featured_media":1118,"comment_status":"open","ping_status":"closed","template":"","meta":[],"product_brand":[],"product_cat":[24],"product_tag":[42,45],"class_list":{"0":"post-1117","1":"product","2":"type-product","3":"status-publish","4":"has-post-thumbnail","6":"product_cat-acero","7":"product_tag-para-padrinos","8":"product_tag-para-parejas","10":"first","11":"instock","12":"shipping-taxable","13":"purchasable","14":"product-type-simple"},"yoast_head":"<!-- This site is optimized with the Yoast SEO plugin v25.4 - https:\/\/yoast.com\/wordpress\/plugins\/seo\/ -->\n<title>D\u00fao de Copas acero inoxidable - Personalizado - Ixta Impresiones<\/title>\n<meta name=\"robots\" content=\"index, follow, max-snippet:-1, max-image-preview:large, max-video-preview:-1\" \/>\n<link rel=\"canonical\" href=\"https:\/\/ixtaimpresiones.com\/?product=duo-de-copas-acero-inoxidable-personalizado\" \/>\n<meta property=\"og:locale\" content=\"es_ES\" \/>\n<meta property=\"og:type\" content=\"article\" \/>\n<meta property=\"og:title\" content=\"D\u00fao de Copas acero inoxidable - Personalizado - Ixta Impresiones\" \/>\n<meta property=\"og:description\" content=\"Celebra momentos especiales con nuestro D\u00fao de Copas Personalizado, un regalo elegante y significativo para parejas o apadrinamientos. Ideales para madrina y padrino, aniversarios de boda, novia y novio o como detalle especial para parejas. Las copas est\u00e1n fabricadas en acero inoxidable y se personalizan con grabado l\u00e1ser, logrando un acabado fino, permanente y duradero. Disponibles en colores rosa, blanco y negro, combinan perfecto con cualquier ocasi\u00f3n especial. Capacidad: 18 oz (150 ml). Medidas:Altura: 50 cmDi\u00e1metro de la boca: 9.5 cm Personalizaci\u00f3n:Grabado l\u00e1ser permanente.Nombres, texto simple o \u00edcono sencillo. Uso:Copas para vino, c\u00f3cteles o bebidas similares. Aplicaciones:Regalo para apadrinamiento (madrina y padrino), aniversarios de boda, parejas, novia y novio. Comprar por WhatsApp\" \/>\n<meta property=\"og:url\" content=\"https:\/\/ixtaimpresiones.com\/?product=duo-de-copas-acero-inoxidable-personalizado\" \/>\n<meta property=\"og:site_name\" content=\"Ixta Impresiones\" \/>\n<meta property=\"og:image\" content=\"https:\/\/ixtaimpresiones.com\/wp-content\/uploads\/2025\/12\/Sin-titulo-2-4.png\" \/>\n\t<meta property=\"og:image:width\" content=\"600\" \/>\n\t<meta property=\"og:image:height\" content=\"600\" \/>\n\t<meta property=\"og:image:type\" content=\"image\/png\" \/>\n<meta name=\"twitter:card\" content=\"summary_large_image\" \/>\n<meta name=\"twitter:label1\" content=\"Tiempo de lectura\" \/>\n\t<meta name=\"twitter:data1\" content=\"1 minuto\" \/>\n<script type=\"application\/ld+json\" class=\"yoast-schema-graph\">{\"@context\":\"https:\/\/schema.org\",\"@graph\":[{\"@type\":\"WebPage\",\"@id\":\"https:\/\/ixtaimpresiones.com\/?product=duo-de-copas-acero-inoxidable-personalizado\",\"url\":\"https:\/\/ixtaimpresiones.com\/?product=duo-de-copas-acero-inoxidable-personalizado\",\"name\":\"D\u00fao de Copas acero inoxidable - Personalizado - Ixta Impresiones\",\"isPartOf\":{\"@id\":\"https:\/\/ixtaimpresiones.com\/#website\"},\"primaryImageOfPage\":{\"@id\":\"https:\/\/ixtaimpresiones.com\/?product=duo-de-copas-acero-inoxidable-personalizado#primaryimage\"},\"image\":{\"@id\":\"https:\/\/ixtaimpresiones.com\/?product=duo-de-copas-acero-inoxidable-personalizado#primaryimage\"},\"thumbnailUrl\":\"https:\/\/ixtaimpresiones.com\/wp-content\/uploads\/2025\/12\/Sin-titulo-2-4.png\",\"datePublished\":\"2025-12-30T21:27:14+00:00\",\"breadcrumb\":{\"@id\":\"https:\/\/ixtaimpresiones.com\/?product=duo-de-copas-acero-inoxidable-personalizado#breadcrumb\"},\"inLanguage\":\"es\",\"potentialAction\":[{\"@type\":\"ReadAction\",\"target\":[\"https:\/\/ixtaimpresiones.com\/?product=duo-de-copas-acero-inoxidable-personalizado\"]}]},{\"@type\":\"ImageObject\",\"inLanguage\":\"es\",\"@id\":\"https:\/\/ixtaimpresiones.com\/?product=duo-de-copas-acero-inoxidable-personalizado#primaryimage\",\"url\":\"https:\/\/ixtaimpresiones.com\/wp-content\/uploads\/2025\/12\/Sin-titulo-2-4.png\",\"contentUrl\":\"https:\/\/ixtaimpresiones.com\/wp-content\/uploads\/2025\/12\/Sin-titulo-2-4.png\",\"width\":600,\"height\":600},{\"@type\":\"BreadcrumbList\",\"@id\":\"https:\/\/ixtaimpresiones.com\/?product=duo-de-copas-acero-inoxidable-personalizado#breadcrumb\",\"itemListElement\":[{\"@type\":\"ListItem\",\"position\":1,\"name\":\"Portada\",\"item\":\"https:\/\/ixtaimpresiones.com\/\"},{\"@type\":\"ListItem\",\"position\":2,\"name\":\"Productos\",\"item\":\"https:\/\/ixtaimpresiones.com\/?page_id=572\"},{\"@type\":\"ListItem\",\"position\":3,\"name\":\"D\u00fao de Copas acero inoxidable &#8211; Personalizado\"}]},{\"@type\":\"WebSite\",\"@id\":\"https:\/\/ixtaimpresiones.com\/#website\",\"url\":\"https:\/\/ixtaimpresiones.com\/\",\"name\":\"Ixta Impresiones\",\"description\":\"\",\"publisher\":{\"@id\":\"https:\/\/ixtaimpresiones.com\/#organization\"},\"potentialAction\":[{\"@type\":\"SearchAction\",\"target\":{\"@type\":\"EntryPoint\",\"urlTemplate\":\"https:\/\/ixtaimpresiones.com\/?s={search_term_string}\"},\"query-input\":{\"@type\":\"PropertyValueSpecification\",\"valueRequired\":true,\"valueName\":\"search_term_string\"}}],\"inLanguage\":\"es\"},{\"@type\":\"Organization\",\"@id\":\"https:\/\/ixtaimpresiones.com\/#organization\",\"name\":\"Ixta Impresiones\",\"url\":\"https:\/\/ixtaimpresiones.com\/\",\"logo\":{\"@type\":\"ImageObject\",\"inLanguage\":\"es\",\"@id\":\"https:\/\/ixtaimpresiones.com\/#\/schema\/logo\/image\/\",\"url\":\"https:\/\/ixtaimpresiones.com\/wp-content\/uploads\/2025\/08\/LOGO-copyright.png\",\"contentUrl\":\"https:\/\/ixtaimpresiones.com\/wp-content\/uploads\/2025\/08\/LOGO-copyright.png\",\"width\":900,\"height\":900,\"caption\":\"Ixta Impresiones\"},\"image\":{\"@id\":\"https:\/\/ixtaimpresiones.com\/#\/schema\/logo\/image\/\"}}]}<\/script>\n<!-- \/ Yoast SEO plugin. -->","yoast_head_json":{"title":"D\u00fao de Copas acero inoxidable - Personalizado - Ixta Impresiones","robots":{"index":"index","follow":"follow","max-snippet":"max-snippet:-1","max-image-preview":"max-image-preview:large","max-video-preview":"max-video-preview:-1"},"canonical":"https:\/\/ixtaimpresiones.com\/?product=duo-de-copas-acero-inoxidable-personalizado","og_locale":"es_ES","og_type":"article","og_title":"D\u00fao de Copas acero inoxidable - Personalizado - Ixta Impresiones","og_description":"Celebra momentos especiales con nuestro D\u00fao de Copas Personalizado, un regalo elegante y significativo para parejas o apadrinamientos. Ideales para madrina y padrino, aniversarios de boda, novia y novio o como detalle especial para parejas. Las copas est\u00e1n fabricadas en acero inoxidable y se personalizan con grabado l\u00e1ser, logrando un acabado fino, permanente y duradero. Disponibles en colores rosa, blanco y negro, combinan perfecto con cualquier ocasi\u00f3n especial. Capacidad: 18 oz (150 ml). Medidas:Altura: 50 cmDi\u00e1metro de la boca: 9.5 cm Personalizaci\u00f3n:Grabado l\u00e1ser permanente.Nombres, texto simple o \u00edcono sencillo. Uso:Copas para vino, c\u00f3cteles o bebidas similares. Aplicaciones:Regalo para apadrinamiento (madrina y padrino), aniversarios de boda, parejas, novia y novio. Comprar por WhatsApp","og_url":"https:\/\/ixtaimpresiones.com\/?product=duo-de-copas-acero-inoxidable-personalizado","og_site_name":"Ixta Impresiones","og_image":[{"width":600,"height":600,"url":"https:\/\/ixtaimpresiones.com\/wp-content\/uploads\/2025\/12\/Sin-titulo-2-4.png","type":"image\/png"}],"twitter_card":"summary_large_image","twitter_misc":{"Tiempo de lectura":"1 minuto"},"schema":{"@context":"https:\/\/schema.org","@graph":[{"@type":"WebPage","@id":"https:\/\/ixtaimpresiones.com\/?product=duo-de-copas-acero-inoxidable-personalizado","url":"https:\/\/ixtaimpresiones.com\/?product=duo-de-copas-acero-inoxidable-personalizado","name":"D\u00fao de Copas acero inoxidable - Personalizado - Ixta Impresiones","isPartOf":{"@id":"https:\/\/ixtaimpresiones.com\/#website"},"primaryImageOfPage":{"@id":"https:\/\/ixtaimpresiones.com\/?product=duo-de-copas-acero-inoxidable-personalizado#primaryimage"},"image":{"@id":"https:\/\/ixtaimpresiones.com\/?product=duo-de-copas-acero-inoxidable-personalizado#primaryimage"},"thumbnailUrl":"https:\/\/ixtaimpresiones.com\/wp-content\/uploads\/2025\/12\/Sin-titulo-2-4.png","datePublished":"2025-12-30T21:27:14+00:00","breadcrumb":{"@id":"https:\/\/ixtaimpresiones.com\/?product=duo-de-copas-acero-inoxidable-personalizado#breadcrumb"},"inLanguage":"es","potentialAction":[{"@type":"ReadAction","target":["https:\/\/ixtaimpresiones.com\/?product=duo-de-copas-acero-inoxidable-personalizado"]}]},{"@type":"ImageObject","inLanguage":"es","@id":"https:\/\/ixtaimpresiones.com\/?product=duo-de-copas-acero-inoxidable-personalizado#primaryimage","url":"https:\/\/ixtaimpresiones.com\/wp-content\/uploads\/2025\/12\/Sin-titulo-2-4.png","contentUrl":"https:\/\/ixtaimpresiones.com\/wp-content\/uploads\/2025\/12\/Sin-titulo-2-4.png","width":600,"height":600},{"@type":"BreadcrumbList","@id":"https:\/\/ixtaimpresiones.com\/?product=duo-de-copas-acero-inoxidable-personalizado#breadcrumb","itemListElement":[{"@type":"ListItem","position":1,"name":"Portada","item":"https:\/\/ixtaimpresiones.com\/"},{"@type":"ListItem","position":2,"name":"Productos","item":"https:\/\/ixtaimpresiones.com\/?page_id=572"},{"@type":"ListItem","position":3,"name":"D\u00fao de Copas acero inoxidable &#8211; Personalizado"}]},{"@type":"WebSite","@id":"https:\/\/ixtaimpresiones.com\/#website","url":"https:\/\/ixtaimpresiones.com\/","name":"Ixta Impresiones","description":"","publisher":{"@id":"https:\/\/ixtaimpresiones.com\/#organization"},"potentialAction":[{"@type":"SearchAction","target":{"@type":"EntryPoint","urlTemplate":"https:\/\/ixtaimpresiones.com\/?s={search_term_string}"},"query-input":{"@type":"PropertyValueSpecification","valueRequired":true,"valueName":"search_term_string"}}],"inLanguage":"es"},{"@type":"Organization","@id":"https:\/\/ixtaimpresiones.com\/#organization","name":"Ixta Impresiones","url":"https:\/\/ixtaimpresiones.com\/","logo":{"@type":"ImageObject","inLanguage":"es","@id":"https:\/\/ixtaimpresiones.com\/#\/schema\/logo\/image\/","url":"https:\/\/ixtaimpresiones.com\/wp-content\/uploads\/2025\/08\/LOGO-copyright.png","contentUrl":"https:\/\/ixtaimpresiones.com\/wp-content\/uploads\/2025\/08\/LOGO-copyright.png","width":900,"height":900,"caption":"Ixta Impresiones"},"image":{"@id":"https:\/\/ixtaimpresiones.com\/#\/schema\/logo\/image\/"}}]}},"_links":{"self":[{"href":"https:\/\/ixtaimpresiones.com\/index.php?rest_route=\/wp\/v2\/product\/1117","targetHints":{"allow":["GET"]}}],"collection":[{"href":"https:\/\/ixtaimpresiones.com\/index.php?rest_route=\/wp\/v2\/product"}],"about":[{"href":"https:\/\/ixtaimpresiones.com\/index.php?rest_route=\/wp\/v2\/types\/product"}],"replies":[{"embeddable":true,"href":"https:\/\/ixtaimpresiones.com\/index.php?rest_route=%2Fwp%2Fv2%2Fcomments&post=1117"}],"wp:featuredmedia":[{"embeddable":true,"href":"https:\/\/ixtaimpresiones.com\/index.php?rest_route=\/wp\/v2\/media\/1118"}],"wp:attachment":[{"href":"https:\/\/ixtaimpresiones.com\/index.php?rest_route=%2Fwp%2Fv2%2Fmedia&parent=1117"}],"wp:term":[{"taxonomy":"product_brand","embeddable":true,"href":"https:\/\/ixtaimpresiones.com\/index.php?rest_route=%2Fwp%2Fv2%2Fproduct_brand&post=1117"},{"taxonomy":"product_cat","embeddable":true,"href":"https:\/\/ixtaimpresiones.com\/index.php?rest_route=%2Fwp%2Fv2%2Fproduct_cat&post=1117"},{"taxonomy":"product_tag","embeddable":true,"href":"https:\/\/ixtaimpresiones.com\/index.php?rest_route=%2Fwp%2Fv2%2Fproduct_tag&post=1117"}],"curies":[{"name":"wp","href":"https:\/\/api.w.org\/{rel}","templated":true}]}}